{"id":446,"date":"2019-06-07T14:39:25","date_gmt":"2019-06-07T17:39:25","guid":{"rendered":"http:\/\/propulsaodental.com.br\/site\/?page_id=446"},"modified":"2025-12-02T16:23:56","modified_gmt":"2025-12-02T19:23:56","slug":"campo-largo","status":"publish","type":"page","link":"https:\/\/propulsaodental.com.br\/site\/onde-encontrar\/campo-largo\/","title":{"rendered":"Campo Largo"},"content":{"rendered":"\t\t<div data-elementor-type=\"wp-page\" data-elementor-id=\"446\" class=\"elementor elementor-446\">\n\t\t\t\t\t\t<section class=\"elementor-section elementor-top-section elementor-element elementor-element-5dd578e elementor-section-boxed elementor-section-height-default elementor-section-height-default wpr-particle-no wpr-jarallax-no wpr-parallax-no wpr-sticky-section-no\" data-id=\"5dd578e\" data-element_type=\"section\" data-e-type=\"section\">\n\t\t\t\t\t\t<div class=\"elementor-container elementor-column-gap-default\">\n\t\t\t\t\t<div class=\"elementor-column elementor-col-25 elementor-top-column elementor-element elementor-element-750cf88\" data-id=\"750cf88\" data-element_type=\"column\" data-e-type=\"column\">\n\t\t\t<div class=\"elementor-widget-wrap\">\n\t\t\t\t\t\t\t<\/div>\n\t\t<\/div>\n\t\t\t\t<div class=\"elementor-column elementor-col-50 elementor-top-column elementor-element elementor-element-11a074b\" data-id=\"11a074b\" data-element_type=\"column\" data-e-type=\"column\">\n\t\t\t<div class=\"elementor-widget-wrap elementor-element-populated\">\n\t\t\t\t\t\t<div class=\"elementor-element elementor-element-60867ef6 elementor-widget elementor-widget-heading\" data-id=\"60867ef6\" data-element_type=\"widget\" data-e-type=\"widget\" data-widget_type=\"heading.default\">\n\t\t\t\t\t<h2 class=\"elementor-heading-title elementor-size-default\">REDES CREDENCIADAS \/ CAMPO LARGO<\/h2>\t\t\t\t<\/div>\n\t\t\t\t<div class=\"elementor-element elementor-element-41b5b93c elementor-widget elementor-widget-text-editor\" data-id=\"41b5b93c\" data-element_type=\"widget\" data-e-type=\"widget\" data-widget_type=\"text-editor.default\">\n\t\t\t\t\t\t\t\t\t<p><img fetchpriority=\"high\" decoding=\"async\" class=\"size-full wp-image-667 aligncenter\" src=\"https:\/\/propulsaodental.com.br\/site\/wp-content\/uploads\/2019\/06\/ortobom.jpg\" alt=\"\" width=\"337\" height=\"218\" srcset=\"https:\/\/propulsaodental.com.br\/site\/wp-content\/uploads\/2019\/06\/ortobom.jpg 337w, https:\/\/propulsaodental.com.br\/site\/wp-content\/uploads\/2019\/06\/ortobom-300x194.jpg 300w\" sizes=\"(max-width: 337px) 100vw, 337px\" \/><\/p><p><span style=\"color: #ff0000;\">ANNELISE MARIA DA CRUZ<\/span><\/p><h5>(41) 3392 9329 \/ (41) 98728 9922<\/h5><p>RUA MARECHAL DEODORO , 453 \u2013 CENTRO \u2013 CAMPO LARGO<\/p><h6>annelisemaria.1@gmail.com<\/h6>\t\t\t\t\t\t\t\t<\/div>\n\t\t\t\t<div class=\"elementor-element elementor-element-162f042 elementor-widget elementor-widget-image-carousel\" data-id=\"162f042\" data-element_type=\"widget\" data-e-type=\"widget\" data-settings=\"{&quot;slides_to_show&quot;:&quot;1&quot;,&quot;navigation&quot;:&quot;none&quot;,&quot;autoplay&quot;:&quot;yes&quot;,&quot;pause_on_hover&quot;:&quot;yes&quot;,&quot;pause_on_interaction&quot;:&quot;yes&quot;,&quot;autoplay_speed&quot;:5000,&quot;infinite&quot;:&quot;yes&quot;,&quot;effect&quot;:&quot;slide&quot;,&quot;speed&quot;:500}\" data-widget_type=\"image-carousel.default\">\n\t\t\t\t\t\t\t<div class=\"elementor-image-carousel-wrapper swiper\" role=\"region\" aria-roledescription=\"carousel\" aria-label=\"Carrossel de imagens\" dir=\"ltr\">\n\t\t\t<div class=\"elementor-image-carousel swiper-wrapper swiper-image-stretch\" aria-live=\"off\">\n\t\t\t\t\t\t\t\t<div class=\"swiper-slide\" role=\"group\" aria-roledescription=\"slide\" aria-label=\"1 de 3\"><figure class=\"swiper-slide-inner\"><img decoding=\"async\" class=\"swiper-slide-image\" src=\"https:\/\/propulsaodental.com.br\/site\/wp-content\/uploads\/2019\/08\/CRISTINA-APARECIDA-LOPES-PUPPI-1.jpg\" alt=\"CRISTINA APARECIDA LOPES PUPPI (1)\" \/><\/figure><\/div><div class=\"swiper-slide\" role=\"group\" aria-roledescription=\"slide\" aria-label=\"2 de 3\"><figure class=\"swiper-slide-inner\"><img decoding=\"async\" class=\"swiper-slide-image\" src=\"https:\/\/propulsaodental.com.br\/site\/wp-content\/uploads\/2019\/08\/CRISTINA-APARECIDA-LOPES-PUPPI-2.jpg\" alt=\"CRISTINA APARECIDA LOPES PUPPI (2)\" \/><\/figure><\/div><div class=\"swiper-slide\" role=\"group\" aria-roledescription=\"slide\" aria-label=\"3 de 3\"><figure class=\"swiper-slide-inner\"><img decoding=\"async\" class=\"swiper-slide-image\" src=\"https:\/\/propulsaodental.com.br\/site\/wp-content\/uploads\/2019\/08\/CRISTINA-APARECIDA-LOPES-PUPPI-3.jpg\" alt=\"CRISTINA APARECIDA LOPES PUPPI (3)\" \/><\/figure><\/div>\t\t\t<\/div>\n\t\t\t\t\t\t\t\n\t\t\t\t\t\t\t\t\t<\/div>\n\t\t\t\t\t\t<\/div>\n\t\t\t\t<div class=\"elementor-element elementor-element-c60a71f elementor-widget elementor-widget-text-editor\" data-id=\"c60a71f\" data-element_type=\"widget\" data-e-type=\"widget\" data-widget_type=\"text-editor.default\">\n\t\t\t\t\t\t\t\t\t<p><span style=\"color: #ff0000;\">CRISTINA APARECIDA LOPES PUPPI<\/span><\/p><h5>(41) 3393 3852 \/ (41) 3393 3852<\/h5><p>RUA XAVIER DA SILVA , 1109 \u2013 CENTRO \u2013 CAMPO LARGO<\/p><h6>crisl.puppi@gmail.com<\/h6>\t\t\t\t\t\t\t\t<\/div>\n\t\t\t\t<div class=\"elementor-element elementor-element-580f20f elementor-widget elementor-widget-text-editor\" data-id=\"580f20f\" data-element_type=\"widget\" data-e-type=\"widget\" data-widget_type=\"text-editor.default\">\n\t\t\t\t\t\t\t\t\t<p><img decoding=\"async\" class=\"alignnone size-full wp-image-670\" src=\"https:\/\/propulsaodental.com.br\/site\/wp-content\/uploads\/2019\/06\/In_Face.jpg\" alt=\"IN FACE\" width=\"1280\" height=\"720\" srcset=\"https:\/\/propulsaodental.com.br\/site\/wp-content\/uploads\/2019\/06\/In_Face.jpg 1280w, https:\/\/propulsaodental.com.br\/site\/wp-content\/uploads\/2019\/06\/In_Face-300x169.jpg 300w, https:\/\/propulsaodental.com.br\/site\/wp-content\/uploads\/2019\/06\/In_Face-768x432.jpg 768w, https:\/\/propulsaodental.com.br\/site\/wp-content\/uploads\/2019\/06\/In_Face-1024x576.jpg 1024w, https:\/\/propulsaodental.com.br\/site\/wp-content\/uploads\/2019\/06\/In_Face-1080x608.jpg 1080w\" sizes=\"(max-width: 1280px) 100vw, 1280px\" \/><\/p><p><span style=\"color: #ff0000;\">IN FACE \u2013 CENTRO DE ESTETICA ORAL E FACIAL<\/span><\/p><h5>(41) 3032 2794 \/ (41) 3032 2794<\/h5><p>RUA BARAO DO RIIO BRANCO, 1410 \u2013 CENTRO \u2013 CAMPO LARGO<\/p><h6>contato@clinicainface.com.br<\/h6>\t\t\t\t\t\t\t\t<\/div>\n\t\t\t\t<div class=\"elementor-element elementor-element-0f66f81 elementor-widget elementor-widget-text-editor\" data-id=\"0f66f81\" data-element_type=\"widget\" data-e-type=\"widget\" data-widget_type=\"text-editor.default\">\n\t\t\t\t\t\t\t\t\t<p><img decoding=\"async\" class=\"wp-image-667 size-full aligncenter\" src=\"https:\/\/propulsaodental.com.br\/site\/wp-content\/uploads\/2019\/06\/ortobom.jpg\" alt=\"\" width=\"337\" height=\"218\" srcset=\"https:\/\/propulsaodental.com.br\/site\/wp-content\/uploads\/2019\/06\/ortobom.jpg 337w, https:\/\/propulsaodental.com.br\/site\/wp-content\/uploads\/2019\/06\/ortobom-300x194.jpg 300w\" sizes=\"(max-width: 337px) 100vw, 337px\" \/><\/p><p><span style=\"color: #ff0000;\">JOANINA DE FATIMA BOCHOSKI RIBEIRO FERREIRA<\/span><\/p><h5>(41) 3392 9329 \/ (41) 3392 9329<\/h5><p>RUA MARECHAL DEODORO , 453 \u2013 CENTRO \u2013 CAMPO LARGO<\/p><h6>annelisemaria.1@gmail.com<\/h6>\t\t\t\t\t\t\t\t<\/div>\n\t\t\t\t<div class=\"elementor-element elementor-element-7f27f3b elementor-widget elementor-widget-text-editor\" data-id=\"7f27f3b\" data-element_type=\"widget\" data-e-type=\"widget\" data-widget_type=\"text-editor.default\">\n\t\t\t\t\t\t\t\t\t<p><img loading=\"lazy\" decoding=\"async\" class=\"wp-image-429 size-medium aligncenter\" src=\"https:\/\/propulsaodental.com.br\/site\/wp-content\/uploads\/2019\/06\/mac_3d-300x218.jpg\" alt=\"Mac 3D\" width=\"300\" height=\"218\" srcset=\"https:\/\/propulsaodental.com.br\/site\/wp-content\/uploads\/2019\/06\/mac_3d-300x218.jpg 300w, https:\/\/propulsaodental.com.br\/site\/wp-content\/uploads\/2019\/06\/mac_3d.jpg 720w\" sizes=\"(max-width: 300px) 100vw, 300px\" \/><\/p><p><span style=\"color: #ff0000;\">MAC 3D DIAGNOSTICO POR IMAGEM<\/span><\/p><h5>(41) 3032 6778 \/ (41) 99144 0903<\/h5><p>AV DESEMBARGADOR CLOT\u00c1RIO PORTUGAL , 899 L \u2013 CENTRO \u2013 CAMPO LARGO<\/p><h6>mascampolargo@gmail.com<\/h6>\t\t\t\t\t\t\t\t<\/div>\n\t\t\t\t\t<\/div>\n\t\t<\/div>\n\t\t\t\t<div class=\"elementor-column elementor-col-25 elementor-top-column elementor-element elementor-element-62c36a3\" data-id=\"62c36a3\" data-element_type=\"column\" data-e-type=\"column\">\n\t\t\t<div class=\"elementor-widget-wrap\">\n\t\t\t\t\t\t\t<\/div>\n\t\t<\/div>\n\t\t\t\t\t<\/div>\n\t\t<\/section>\n\t\t\t\t<\/div>\n\t\t","protected":false},"excerpt":{"rendered":"<p>REDES CREDENCIADAS \/ CAMPO LARGO ANNELISE MARIA DA CRUZ (41) 3392 9329 \/ (41) 98728 9922 RUA MARECHAL DEODORO , 453 \u2013 CENTRO \u2013 CAMPO LARGO annelisemaria.1@gmail.com CRISTINA APARECIDA LOPES PUPPI (41) 3393 3852 \/ (41) 3393 3852 RUA XAVIER DA SILVA , 1109 \u2013 CENTRO \u2013 CAMPO LARGO crisl.puppi@gmail.com IN FACE \u2013 CENTRO DE ESTETICA ORAL E FACIAL (41) 3032 2794 \/ (41) 3032 2794 RUA BARAO DO RIIO BRANCO, 1410 \u2013 CENTRO \u2013 CAMPO LARGO contato@clinicainface.com.br JOANINA DE FATIMA BOCHOSKI RIBEIRO FERREIRA (41) 3392 9329 \/ (41) 3392 9329 RUA MARECHAL DEODORO , 453 \u2013 CENTRO \u2013 CAMPO LARGO annelisemaria.1@gmail.com MAC 3D DIAGNOSTICO POR IMAGEM (41) 3032 6778 \/ (41) 99144 0903 AV DESEMBARGADOR CLOT\u00c1RIO PORTUGAL , 899 L \u2013 CENTRO \u2013 CAMPO LARGO mascampolargo@gmail.com<\/p>\n","protected":false},"author":1,"featured_media":0,"parent":375,"menu_order":0,"comment_status":"closed","ping_status":"closed","template":"","meta":{"_acf_changed":false,"footnotes":""},"class_list":["post-446","page","type-page","status-publish","hentry"],"acf":[],"yoast_head":"<!-- This site is optimized with the Yoast SEO plugin v27.3 - https:\/\/yoast.com\/product\/yoast-seo-wordpress\/ -->\n<title>Campo Largo - Propuls\u00e3o Dental<\/title>\n<meta name=\"robots\" content=\"index, follow, max-snippet:-1, max-image-preview:large, max-video-preview:-1\" \/>\n<link rel=\"canonical\" href=\"https:\/\/propulsaodental.com.br\/site\/onde-encontrar\/campo-largo\/\" \/>\n<meta property=\"og:locale\" content=\"pt_BR\" \/>\n<meta property=\"og:type\" content=\"article\" \/>\n<meta property=\"og:title\" content=\"Campo Largo - Propuls\u00e3o Dental\" \/>\n<meta property=\"og:description\" content=\"REDES CREDENCIADAS \/ CAMPO LARGO ANNELISE MARIA DA CRUZ (41) 3392 9329 \/ (41) 98728 9922 RUA MARECHAL DEODORO , 453 \u2013 CENTRO \u2013 CAMPO LARGO annelisemaria.1@gmail.com CRISTINA APARECIDA LOPES PUPPI (41) 3393 3852 \/ (41) 3393 3852 RUA XAVIER DA SILVA , 1109 \u2013 CENTRO \u2013 CAMPO LARGO crisl.puppi@gmail.com IN FACE \u2013 CENTRO DE ESTETICA ORAL E FACIAL (41) 3032 2794 \/ (41) 3032 2794 RUA BARAO DO RIIO BRANCO, 1410 \u2013 CENTRO \u2013 CAMPO LARGO contato@clinicainface.com.br JOANINA DE FATIMA BOCHOSKI RIBEIRO FERREIRA (41) 3392 9329 \/ (41) 3392 9329 RUA MARECHAL DEODORO , 453 \u2013 CENTRO \u2013 CAMPO LARGO annelisemaria.1@gmail.com MAC 3D DIAGNOSTICO POR IMAGEM (41) 3032 6778 \/ (41) 99144 0903 AV DESEMBARGADOR CLOT\u00c1RIO PORTUGAL , 899 L \u2013 CENTRO \u2013 CAMPO LARGO mascampolargo@gmail.com\" \/>\n<meta property=\"og:url\" content=\"https:\/\/propulsaodental.com.br\/site\/onde-encontrar\/campo-largo\/\" \/>\n<meta property=\"og:site_name\" content=\"Propuls\u00e3o Dental\" \/>\n<meta property=\"article:publisher\" content=\"https:\/\/www.facebook.com\/propulsaodental\" \/>\n<meta property=\"article:modified_time\" content=\"2025-12-02T19:23:56+00:00\" \/>\n<meta property=\"og:image\" content=\"https:\/\/propulsaodental.com.br\/site\/wp-content\/uploads\/2019\/06\/ortobom.jpg\" \/>\n\t<meta property=\"og:image:width\" content=\"337\" \/>\n\t<meta property=\"og:image:height\" content=\"218\" \/>\n\t<meta property=\"og:image:type\" content=\"image\/jpeg\" \/>\n<meta name=\"twitter:card\" content=\"summary_large_image\" \/>\n<meta name=\"twitter:label1\" content=\"Est. tempo de leitura\" \/>\n\t<meta name=\"twitter:data1\" content=\"3 minutos\" \/>\n<script type=\"application\/ld+json\" class=\"yoast-schema-graph\">{\"@context\":\"https:\\\/\\\/schema.org\",\"@graph\":[{\"@type\":\"WebPage\",\"@id\":\"https:\\\/\\\/propulsaodental.com.br\\\/site\\\/onde-encontrar\\\/campo-largo\\\/\",\"url\":\"https:\\\/\\\/propulsaodental.com.br\\\/site\\\/onde-encontrar\\\/campo-largo\\\/\",\"name\":\"Campo Largo - Propuls\u00e3o Dental\",\"isPartOf\":{\"@id\":\"https:\\\/\\\/propulsaodental.com.br\\\/site\\\/#website\"},\"primaryImageOfPage\":{\"@id\":\"https:\\\/\\\/propulsaodental.com.br\\\/site\\\/onde-encontrar\\\/campo-largo\\\/#primaryimage\"},\"image\":{\"@id\":\"https:\\\/\\\/propulsaodental.com.br\\\/site\\\/onde-encontrar\\\/campo-largo\\\/#primaryimage\"},\"thumbnailUrl\":\"https:\\\/\\\/propulsaodental.com.br\\\/site\\\/wp-content\\\/uploads\\\/2019\\\/06\\\/ortobom.jpg\",\"datePublished\":\"2019-06-07T17:39:25+00:00\",\"dateModified\":\"2025-12-02T19:23:56+00:00\",\"breadcrumb\":{\"@id\":\"https:\\\/\\\/propulsaodental.com.br\\\/site\\\/onde-encontrar\\\/campo-largo\\\/#breadcrumb\"},\"inLanguage\":\"pt-BR\",\"potentialAction\":[{\"@type\":\"ReadAction\",\"target\":[\"https:\\\/\\\/propulsaodental.com.br\\\/site\\\/onde-encontrar\\\/campo-largo\\\/\"]}]},{\"@type\":\"ImageObject\",\"inLanguage\":\"pt-BR\",\"@id\":\"https:\\\/\\\/propulsaodental.com.br\\\/site\\\/onde-encontrar\\\/campo-largo\\\/#primaryimage\",\"url\":\"https:\\\/\\\/propulsaodental.com.br\\\/site\\\/wp-content\\\/uploads\\\/2019\\\/06\\\/ortobom.jpg\",\"contentUrl\":\"https:\\\/\\\/propulsaodental.com.br\\\/site\\\/wp-content\\\/uploads\\\/2019\\\/06\\\/ortobom.jpg\",\"width\":337,\"height\":218},{\"@type\":\"BreadcrumbList\",\"@id\":\"https:\\\/\\\/propulsaodental.com.br\\\/site\\\/onde-encontrar\\\/campo-largo\\\/#breadcrumb\",\"itemListElement\":[{\"@type\":\"ListItem\",\"position\":1,\"name\":\"In\u00edcio\",\"item\":\"https:\\\/\\\/propulsaodental.com.br\\\/site\\\/\"},{\"@type\":\"ListItem\",\"position\":2,\"name\":\"Onde encontrar\",\"item\":\"https:\\\/\\\/propulsaodental.com.br\\\/site\\\/onde-encontrar\\\/\"},{\"@type\":\"ListItem\",\"position\":3,\"name\":\"Campo Largo\"}]},{\"@type\":\"WebSite\",\"@id\":\"https:\\\/\\\/propulsaodental.com.br\\\/site\\\/#website\",\"url\":\"https:\\\/\\\/propulsaodental.com.br\\\/site\\\/\",\"name\":\"Propuls\u00e3o Dental\",\"description\":\"A Propuls\u00e3o Dental tem como prioridade a seguran\u00e7a aliada a tecnologia e inova\u00e7\u00e3o fazendo assim com que voc\u00ea possa sair daqui sorrindo.\",\"publisher\":{\"@id\":\"https:\\\/\\\/propulsaodental.com.br\\\/site\\\/#organization\"},\"alternateName\":\"Propuls\u00e3o Dental\",\"potentialAction\":[{\"@type\":\"SearchAction\",\"target\":{\"@type\":\"EntryPoint\",\"urlTemplate\":\"https:\\\/\\\/propulsaodental.com.br\\\/site\\\/?s={search_term_string}\"},\"query-input\":{\"@type\":\"PropertyValueSpecification\",\"valueRequired\":true,\"valueName\":\"search_term_string\"}}],\"inLanguage\":\"pt-BR\"},{\"@type\":\"Organization\",\"@id\":\"https:\\\/\\\/propulsaodental.com.br\\\/site\\\/#organization\",\"name\":\"Propuls\u00e3o Dental\",\"alternateName\":\"Propuls\u00e3o Dental - Nosso plano \u00e9 fazer voc\u00ea sorrir\",\"url\":\"https:\\\/\\\/propulsaodental.com.br\\\/site\\\/\",\"logo\":{\"@type\":\"ImageObject\",\"inLanguage\":\"pt-BR\",\"@id\":\"https:\\\/\\\/propulsaodental.com.br\\\/site\\\/#\\\/schema\\\/logo\\\/image\\\/\",\"url\":\"https:\\\/\\\/propulsaodental.com.br\\\/site\\\/wp-content\\\/uploads\\\/2025\\\/11\\\/logopropulsaodental25.webp\",\"contentUrl\":\"https:\\\/\\\/propulsaodental.com.br\\\/site\\\/wp-content\\\/uploads\\\/2025\\\/11\\\/logopropulsaodental25.webp\",\"width\":800,\"height\":800,\"caption\":\"Propuls\u00e3o Dental\"},\"image\":{\"@id\":\"https:\\\/\\\/propulsaodental.com.br\\\/site\\\/#\\\/schema\\\/logo\\\/image\\\/\"},\"sameAs\":[\"https:\\\/\\\/www.facebook.com\\\/propulsaodental\",\"https:\\\/\\\/www.tiktok.com\\\/@propulsaodentaloficial\",\"https:\\\/\\\/www.instagram.com\\\/propulsaodental\"]}]}<\/script>\n<!-- \/ Yoast SEO plugin. -->","yoast_head_json":{"title":"Campo Largo - Propuls\u00e3o Dental","robots":{"index":"index","follow":"follow","max-snippet":"max-snippet:-1","max-image-preview":"max-image-preview:large","max-video-preview":"max-video-preview:-1"},"canonical":"https:\/\/propulsaodental.com.br\/site\/onde-encontrar\/campo-largo\/","og_locale":"pt_BR","og_type":"article","og_title":"Campo Largo - Propuls\u00e3o Dental","og_description":"REDES CREDENCIADAS \/ CAMPO LARGO ANNELISE MARIA DA CRUZ (41) 3392 9329 \/ (41) 98728 9922 RUA MARECHAL DEODORO , 453 \u2013 CENTRO \u2013 CAMPO LARGO annelisemaria.1@gmail.com CRISTINA APARECIDA LOPES PUPPI (41) 3393 3852 \/ (41) 3393 3852 RUA XAVIER DA SILVA , 1109 \u2013 CENTRO \u2013 CAMPO LARGO crisl.puppi@gmail.com IN FACE \u2013 CENTRO DE ESTETICA ORAL E FACIAL (41) 3032 2794 \/ (41) 3032 2794 RUA BARAO DO RIIO BRANCO, 1410 \u2013 CENTRO \u2013 CAMPO LARGO contato@clinicainface.com.br JOANINA DE FATIMA BOCHOSKI RIBEIRO FERREIRA (41) 3392 9329 \/ (41) 3392 9329 RUA MARECHAL DEODORO , 453 \u2013 CENTRO \u2013 CAMPO LARGO annelisemaria.1@gmail.com MAC 3D DIAGNOSTICO POR IMAGEM (41) 3032 6778 \/ (41) 99144 0903 AV DESEMBARGADOR CLOT\u00c1RIO PORTUGAL , 899 L \u2013 CENTRO \u2013 CAMPO LARGO mascampolargo@gmail.com","og_url":"https:\/\/propulsaodental.com.br\/site\/onde-encontrar\/campo-largo\/","og_site_name":"Propuls\u00e3o Dental","article_publisher":"https:\/\/www.facebook.com\/propulsaodental","article_modified_time":"2025-12-02T19:23:56+00:00","og_image":[{"width":337,"height":218,"url":"https:\/\/propulsaodental.com.br\/site\/wp-content\/uploads\/2019\/06\/ortobom.jpg","type":"image\/jpeg"}],"twitter_card":"summary_large_image","twitter_misc":{"Est. tempo de leitura":"3 minutos"},"schema":{"@context":"https:\/\/schema.org","@graph":[{"@type":"WebPage","@id":"https:\/\/propulsaodental.com.br\/site\/onde-encontrar\/campo-largo\/","url":"https:\/\/propulsaodental.com.br\/site\/onde-encontrar\/campo-largo\/","name":"Campo Largo - Propuls\u00e3o Dental","isPartOf":{"@id":"https:\/\/propulsaodental.com.br\/site\/#website"},"primaryImageOfPage":{"@id":"https:\/\/propulsaodental.com.br\/site\/onde-encontrar\/campo-largo\/#primaryimage"},"image":{"@id":"https:\/\/propulsaodental.com.br\/site\/onde-encontrar\/campo-largo\/#primaryimage"},"thumbnailUrl":"https:\/\/propulsaodental.com.br\/site\/wp-content\/uploads\/2019\/06\/ortobom.jpg","datePublished":"2019-06-07T17:39:25+00:00","dateModified":"2025-12-02T19:23:56+00:00","breadcrumb":{"@id":"https:\/\/propulsaodental.com.br\/site\/onde-encontrar\/campo-largo\/#breadcrumb"},"inLanguage":"pt-BR","potentialAction":[{"@type":"ReadAction","target":["https:\/\/propulsaodental.com.br\/site\/onde-encontrar\/campo-largo\/"]}]},{"@type":"ImageObject","inLanguage":"pt-BR","@id":"https:\/\/propulsaodental.com.br\/site\/onde-encontrar\/campo-largo\/#primaryimage","url":"https:\/\/propulsaodental.com.br\/site\/wp-content\/uploads\/2019\/06\/ortobom.jpg","contentUrl":"https:\/\/propulsaodental.com.br\/site\/wp-content\/uploads\/2019\/06\/ortobom.jpg","width":337,"height":218},{"@type":"BreadcrumbList","@id":"https:\/\/propulsaodental.com.br\/site\/onde-encontrar\/campo-largo\/#breadcrumb","itemListElement":[{"@type":"ListItem","position":1,"name":"In\u00edcio","item":"https:\/\/propulsaodental.com.br\/site\/"},{"@type":"ListItem","position":2,"name":"Onde encontrar","item":"https:\/\/propulsaodental.com.br\/site\/onde-encontrar\/"},{"@type":"ListItem","position":3,"name":"Campo Largo"}]},{"@type":"WebSite","@id":"https:\/\/propulsaodental.com.br\/site\/#website","url":"https:\/\/propulsaodental.com.br\/site\/","name":"Propuls\u00e3o Dental","description":"A Propuls\u00e3o Dental tem como prioridade a seguran\u00e7a aliada a tecnologia e inova\u00e7\u00e3o fazendo assim com que voc\u00ea possa sair daqui sorrindo.","publisher":{"@id":"https:\/\/propulsaodental.com.br\/site\/#organization"},"alternateName":"Propuls\u00e3o Dental","potentialAction":[{"@type":"SearchAction","target":{"@type":"EntryPoint","urlTemplate":"https:\/\/propulsaodental.com.br\/site\/?s={search_term_string}"},"query-input":{"@type":"PropertyValueSpecification","valueRequired":true,"valueName":"search_term_string"}}],"inLanguage":"pt-BR"},{"@type":"Organization","@id":"https:\/\/propulsaodental.com.br\/site\/#organization","name":"Propuls\u00e3o Dental","alternateName":"Propuls\u00e3o Dental - Nosso plano \u00e9 fazer voc\u00ea sorrir","url":"https:\/\/propulsaodental.com.br\/site\/","logo":{"@type":"ImageObject","inLanguage":"pt-BR","@id":"https:\/\/propulsaodental.com.br\/site\/#\/schema\/logo\/image\/","url":"https:\/\/propulsaodental.com.br\/site\/wp-content\/uploads\/2025\/11\/logopropulsaodental25.webp","contentUrl":"https:\/\/propulsaodental.com.br\/site\/wp-content\/uploads\/2025\/11\/logopropulsaodental25.webp","width":800,"height":800,"caption":"Propuls\u00e3o Dental"},"image":{"@id":"https:\/\/propulsaodental.com.br\/site\/#\/schema\/logo\/image\/"},"sameAs":["https:\/\/www.facebook.com\/propulsaodental","https:\/\/www.tiktok.com\/@propulsaodentaloficial","https:\/\/www.instagram.com\/propulsaodental"]}]}},"_links":{"self":[{"href":"https:\/\/propulsaodental.com.br\/site\/wp-json\/wp\/v2\/pages\/446","targetHints":{"allow":["GET"]}}],"collection":[{"href":"https:\/\/propulsaodental.com.br\/site\/wp-json\/wp\/v2\/pages"}],"about":[{"href":"https:\/\/propulsaodental.com.br\/site\/wp-json\/wp\/v2\/types\/page"}],"author":[{"embeddable":true,"href":"https:\/\/propulsaodental.com.br\/site\/wp-json\/wp\/v2\/users\/1"}],"replies":[{"embeddable":true,"href":"https:\/\/propulsaodental.com.br\/site\/wp-json\/wp\/v2\/comments?post=446"}],"version-history":[{"count":20,"href":"https:\/\/propulsaodental.com.br\/site\/wp-json\/wp\/v2\/pages\/446\/revisions"}],"predecessor-version":[{"id":3371,"href":"https:\/\/propulsaodental.com.br\/site\/wp-json\/wp\/v2\/pages\/446\/revisions\/3371"}],"up":[{"embeddable":true,"href":"https:\/\/propulsaodental.com.br\/site\/wp-json\/wp\/v2\/pages\/375"}],"wp:attachment":[{"href":"https:\/\/propulsaodental.com.br\/site\/wp-json\/wp\/v2\/media?parent=446"}],"curies":[{"name":"wp","href":"https:\/\/api.w.org\/{rel}","templated":true}]}}